 n?
1
Suppose -5*g = -4*j - 9515, -2*g + 3834 = 6*j - 2*j. What is the units digit of g?
7
Let b be (-1 - (-1 + 2))*(7 - 15). Suppose -b*f = -14*f - 168. What is the units digit of f?
4
Let z(h) = -h**3 + 5*h**2 - 11*h + 6. What is the tens digit of z(-7)?
7
Suppose u = i - 6*i + 14, i - 2 = 0. Suppose u*q + 3*d = 104 + 5, 3*d = -3*q + 81. What is the units digit of q?
8
Let u(h) = 3*h**2 - 9*h + 16. What is the units digit of u(22)?
0
Let x(l) = -2*l**3 - 2*l**2 - 2*l + 72. Suppose 8*q = 5*q. What is the tens digit of x(q)?
7
What is the thousands digit of (-593873)/(-344) + 6/(-16)?
1
Let m be 6/(3*4/6). Suppose -f - m + 0 = 0. Let p(d) = -13*d + 7. What is the units digit of p(f)?
6
Let v(l) = -4*l - 6. Let h be v(-2). Suppose 103 = 5*m - 4*k - 111, h*m - 5*k = 89. What is the units digit of m?
2
What is the units digit of 6*(33/2 + -3)?
1
Suppose 2*x - 9 = -l, 4*l + l = -5*x + 30. What is the units digit of (-472)/(-6) + 4/l?
0
Let h(c) = 16*c**3 - c + 31. What is the tens digit of h(6)?
8
Suppose 4*j = -j - 4*h + 13, 1 = -j - 2*h. Suppose -880 = a - j*a. Let d = a + -156. What is the tens digit of d?
6
Let f(l) = 2*l**2 - 8*l - 43. What is the tens digit of f(10)?
7
Suppose -m + 3 = 0, 0 = 2*f - 6*m + 5*m - 217. Let q = f + -44. What is the tens digit of q?
6
Suppose -8*i = -294 - 1346. What is the hundreds digit of i?
2
Let k = -10 + 791. What is the units digit of k?
1
Let a be 3/((-6)/(-10)) - -2. Let f(k) = -k + 7. Let c be f(a). Suppose c = -3*h + 15 + 45. What is the tens digit of h?
2
Let p = 533 + -153. What is the units digit of p?
0
Let i(y) = 2*y**2 + 5*y - 3. Let g be 3*2/15*-10. Let v be i(g). Suppose 4*s = p + v, -s + 6 = -3*s + 4*p. What is the units digit of s?
3
Suppose -5*w - 93 = 3*r - 339, 2*r + 210 = 4*w. Suppose 8*v - 9*v = -w. What is the units digit of v?
1
Suppose 27216 - 1344 = 33*d. What is the tens digit of d?
8
What is the tens digit of 56 + (10 - (-45)/(-9))?
6
Let h = -46 + 97. Let q be -33 + (0 - (-4 - -5)). Let r = q + h. What is the tens digit of r?
1
Suppose -4*k + 8259 = -2*a + 1635, 6630 = 4*k + a. What is the tens digit of k?
5
What is the tens digit of (-185380)/(-322) + 2/7?
7
Let u(g) = 35*g**2 + 24*g - 84. What is the tens digit of u(8)?
4
Let w(m) be the third derivative of -m**4/24 - 3*m**3/2 + 6*m**2. Let d(h) = 3*h + 19. Let a(n) = 2*d(n) + 5*w(n). What is the units digit of a(10)?
3
Suppose -3*l - 2*z = -2, 2*l - 3*l = -5*z - 29. Let k be ((-9)/l)/((-3)/16). Let o = k - 9. What is the units digit of o?
3
Suppose 48 = -3*l + 243. Suppose -l = -d - 0. Suppose -3*q + d = 3*i - q, -q - 55 = -2*i. What is the tens digit of i?
2
Let h(o) be the third derivative of o**6/120 - o**5/10 + 5*o**4/24 - o**3/2 - 16*o**2. What is the units digit of h(7)?
1
Suppose 0 = 3*u + 3*a + 15, -31 = 2*u + 3*u - a. Let l be (2 + u)*(-60)/(-16). Let r = l + 16. What is the units digit of r?
1
Suppose -4*o - 158 = -3*o. Let z be o/(-12) + 4/(-24). Let g = 47 - z. What is the tens digit of g?
3
Let p = 8 + -5. Suppose p*n + 165 = 4*t, -4*n + 122 = 5*t - 92. Suppose -2*v + 3*v = t. What is the units digit of v?
2
Suppose -x + 44 = 3*v, x - 12 = 4*v + 11. What is the units digit of (-114)/(-10) - 14/x?
1
Let u be (-15)/(1/2 + 168/(-304)). Let r = 525 - u. What is the tens digit of r?
4
Suppose -503 = -d + 2832. What is the hundreds digit of d?
3
Let g = -1095 + 1513. What is the units digit of g?
8
What is the thousands digit of -15 + 11 - -118*11?
1
Suppose -s = -19 - 37. Let b = s - 19. Suppose -3*w + 5 + 8 = j, -3*w - b = -j. What is the units digit of j?
5
Suppose 3*g + 2 = -2*s, -2*s + 7*s + 3*g - 4 = 0. Let i be 0 + (3 - 12/s). Let y = i + 4. What is the units digit of y?
1
Let k(t) = -19*t**3 + 2*t**2 + 4*t + 2. What is the units digit of k(-1)?
9
Suppose -18396 - 75436 = -37*u. What is the tens digit of u?
3
Let h be 0 + (-6)/21 + 3120/42. Suppose -p + 65 + h = 0. What is the hundreds digit of p?
1
Let h be (-2)/9 - 14/18. Let j(o) = -261*o + 5. What is the tens digit of j(h)?
6
Suppose 7132 + 4066 = 5*y - 4*u, 2*y + 4*u - 4468 = 0. What is the tens digit of y?
3
Suppose b = 3*b - 2*w - 14, -5*b + 3*w = -35. Suppose 3*d + 5*t - b = 0, t - 32 = -0*d - 4*d. What is the units digit of d?
9
Suppose -2*h - 1501 = 5*u - 8*u, 0 = 4*u + 3*h - 2007. What is the hundreds digit of u?
5
Suppose -2*f - 4*v + 10 = -20, -4*f + 60 = -4*v. Let t be 33/15 + (-3)/f. Suppose -3*g - 4 = -2*g, 4*y = t*g + 32. What is the units digit of y?
6
Let q(f) = -f**3 + 8*f**2 + 4*f - 5. Suppose t = 3*s - 8, -2*t - 8 = s - 5*s. What is the units digit of q(t)?
5
Let h(t) = 4*t**2 + 11*t - 25. What is the tens digit of h(4)?
8
Let m be 5/10 + 149/2. Let b = 53 + m. What is the units digit of b?
8
Suppose v - 4 = 0, 5*t = -0*v + 3*v - 902. Let c = -43 - t. Suppose 3*x + 152 = 5*l, 4*l - c = 4*x - 7. What is the units digit of l?
8
Suppose 0 = 4*p + 5*f + 3586, f = 3*p + 2084 + 615. What is the units digit of p/(-6) + (-8)/(-48)?
0
Let h(b) = 3*b - 4. Let g be h(0). What is the hundreds digit of (14/(-4))/(g/(135 - -1))?
1
Let j(d) = d - 20. Let b be j(-17). Let p = b + 62. What is the tens digit of p?
2
Let o(u) = -3*u + 5. Let h = 25 - 17. Let i(x) = -x**3 + 8*x**2 - 2*x + 9. Let c be i(h). What is the units digit of o(c)?
6
Let t(f) = -3*f + 1. Let h be t(-1). Let i be 2 + -1 + 9 + -1. Suppose -3*x + h*x - i = 0. What is the units digit of x?
9
Let j = 22 - 11. Let c(u) = -8*u**2 + 19*u - 18. Let q(l) = -3*l**2 + 6*l - 6. Let m(k) = j*q(k) - 4*c(k). What is the tens digit of m(-8)?
2
What is the hundreds digit of (13 + 2)*1192/40?
4
Suppose 0 = -3*t + o - 642 + 1738, 0 = -2*t + o + 730. What is the units digit of t?
6
Let b(a) = -a**3 + 5*a**2 - 2*a - 5. Let k be b(2). Suppose 5*w - 1004 = i + 84, k*w = -2*i + 645. What is the units digit of w?
7
Let h(x) = 3*x**2 + 6*x + 3. Let o be h(9). Suppose -2*q + o = 4*a + 3*q, 3*q = a - 75. What is the tens digit of a?
7
Let b(y) = y - 7. Let c = -1 - -9. Let l be b(c). Let s(d) = 8*d**2 - d. What is the units digit of s(l)?
7
Let i = -480 - -1038. What is the units digit of i?
8
Suppose 2*t + 2*z - 3218 = 1008, -4*t + 8407 = -5*z. What is the tens digit of t?
0
Let n = 60 - -23. What is the tens digit of n?
8
Suppose k - 306 = 3*i, -k - 3*i = 3*k - 1194. What is the units digit of k?
0
What is the units digit of ((-104)/312)/((-124)/123 + 1)?
1
Let d be ((-5)/(-2))/(4/8). Suppose -q - 256 = -d*q. Suppose 3*f - q = -f. What is the tens digit of f?
1
Let j be (-2 + -14*2)/((-4)/48). Suppose 0 = -3*f + f + j. What is the tens digit of f?
8
Let o(q) = 2*q**2 - 40*q - 367. What is the tens digit of o(-33)?
3
Suppose 0 = -d + 5*c + 22, -4*d + 20 = -4*c + c. Suppose -d*n + 2*q + 390 = 0, 427 + 162 = 3*n - 4*q. What is the units digit of n?
1
Let k(f) = -f**3 - 6*f**2 + 5*f - 9. Let u be k(-7). Suppose -u*d - w + 3 + 7 = 0, -4*d + 32 = -4*w. Suppose 0 = -q + 44 + d. What is the units digit of q?
7
Let a = 11 - 9. Let j(p) be the first derivative of 15*p**2 - 3*p + 7. What is the units digit of j(a)?
7
Let n = -5301 + 7429. What is the thousands digit of n?
2
Suppose 1775 = 5*r + m, 3*m = -0*m - 15. Suppose -6*o + o + 4*q + 419 = 0, -4*o = 2*q - r. What is the tens digit of o?
8
Suppose 1 = r - 4. Suppose 2*y + 3*l + 0*l = 7, l + 9 = r*y. Suppose -k + 36 = y*k - 5*c, -5*k - 3*c + 94 = 0. What is the units digit of k?
7
Suppose 0 = -54*z + 29*z + 29825. What is the tens digit of z?
9
Let n = 6775 - 4008. What is the hundreds digit of n?
7
Let s(d) be the third derivative of -d**5/120 + 19*d**4/24 - d**3/2 - 4*d**2. Let n(l) be the first derivative of s(l). What is the units digit of n(-13)?
2
Let p = 16 - 16. Suppose d - 3*d - 22 = p. Let c = 4 - d. What is the units digit of c?
5
Suppose -4*q + 6990 = i, q - 2*i = -5*i + 1742. What is the thousands digit of q?
1
Let o be (4/(-30))/(-1) + (-18078)/(-90). Suppose -4*y = 3 + 5, y = -u + o. What is the units digit of u?
3
Let b be (-2 + -1)/((-9)/15). Suppose u - 80 = b*u. Let c = u - -31. What is the tens digit of c?
1
Let k(r) = 8*r**2 - 87*r - 11. What is the units digit of k(15)?
4
Suppose 6*w - 5405 = -953. Suppose -2*u = -16*u + w. What is the units digit of u?
3
Let o(b) = -4*b - 2. Let u be o(-1). Suppose u*d - 3*y - 2*y - 1 = 0, -4*y + 4 = 0. Suppose 0